, 7
List the prime factors of 4/1 + -6 - -33.
31
Let m be -22*(-1 + 9/6). Let t = 16 + m. Suppose 4*l + 5*u = 4*u + 8, -3*l + t*u = -6. What are the prime factors of l?
2
Suppose 3*t = 7*t - 652. List the prime factors of t.
163
Let l(h) = 8*h**3 + h**2 - 2*h + 3. What are the prime factors of l(3)?
2, 3, 37
Suppose -b + 7 = -1. Suppose 0 = -2*s - 2*s + b. Suppose s*q + p = -4*p + 59, -10 = -2*p. List the prime factors of q.
17
What are the prime factors of (-3 - (-156)/28)*14?
2, 3
Let p be 1*1/(-3)*0. Suppose 0 = -2*b + 3*y - 5, 3*b + 0*b - 25 = -2*y. Suppose p = k - 7 - b. What are the prime factors of k?
2, 3
Let m(q) be the second derivative of -q**3/6 - 2*q**2 + 2*q. Let z be m(-6). List the prime factors of -1*(-2 + -5 + z).
5
Suppose -h = -0 - 5. Let l(o) = o**3 - 5*o**2 + o - 3. Let t be l(h). Suppose t*k - 2 = -3*m + m, 12 = -3*m. List the prime factors of k.
5
Let x = 36 - -21. What are the prime factors of x?
3, 19
Suppose 5*x + 7 = 4*i, -i + x - 14 = 5*x. Let z(c) = -2*c + 1 + 14*c**3 + 2*c - 15*c**3. List the prime factors of z(i).
3
Let a(y) = 5 + 3 - 11*y - 5 - 2. What are the prime factors of a(-1)?
2, 3
Suppose 2*k - 24 = -5*x, 5*k - x = -3*x + 18. Suppose 0*f - k*f + 2*c = -44, -2*c - 86 = -4*f. Let i = f + -14. What are the prime factors of i?
7
Suppose -4*h + v = 3*v - 32, v = 5*h - 40. What are the prime factors of h?
2
Let r(d) = 2*d**2 + 2*d + 1. Let l be r(-1). Let s = 8 + l. What are the prime factors of s?
3
Let f(m) = -m**2 + m - 1. Let h be f(4). Let p = 23 + h. What are the prime factors of p?
2, 5
Let b = 39 - -11. Suppose -b = -h + 4*m, 32 = h + 6*m - m. List the prime factors of h.
2, 3, 7
Suppose 4*t - 64 = -3*h, -5*h + 89 = 4*t - 31. Suppose 5*q - h = 3*q. List the prime factors of q.
2, 7
Suppose -4 + 72 = 4*w. What are the prime factors of w?
17
Let p(c) = -c**2 - 8*c + 1. Let i = -8 - 0. Let u be p(i). What are the prime factors of u - 0 - (2 - 4)?
3
Suppose 13*q - 18*q = -1205. What are the prime factors of q?
241
Let y = 1 + 3. Let m(q) = 4*q**2 - 4*q - 3. Let z(s) = 5*s**2 - 5*s - 3. Let h(f) = 4*m(f) - 3*z(f). List the prime factors of h(y).
3
Let b(j) = 3*j - 9. Let d be b(6). Let h be ((-3)/d*0)/2. Suppose 2*l - 4*m = -1 + 9, h = 4*l + 4*m - 4. List the prime factors of l.
2
Let d(x) = x**2 - 2*x + 2. Suppose -3*i + 1 + 6 = -2*h, 5*h = 5*i - 5. What are the prime factors of d(h)?
2, 5
Suppose 5*d - 210 = 3*d. Suppose 3*m + 2*q = 92, 51 = 5*m + 4*q - d. List the prime factors of m.
2, 7
Let z = -87 - -165. List the prime factors of z.
2, 3, 13
Suppose 6*p = 2*p + 16. Suppose -p + 5 = w. What are the prime factors of 1 + w - (-9)/1?
11
Let a = 1 - -2. Let v(w) = -5*w**2 + w**a - 6*w - 4 + w + 0. What are the prime factors of v(6)?
2
Suppose 92 = -3*p + 335. List the prime factors of p.
3
Suppose 7*a - 2*a - 25 = 0. Suppose 5 = 5*u - a. List the prime factors of u/(-11) + (-48)/(-22).
2
Suppose 5*v - 4*u + 2*u = 86, 3*u = 2*v - 41. Let p be -4*((-15)/(-12) + 0). Let w = v + p. What are the prime factors of w?
11
Let p be (8 + -11)/((-6)/28). Let q = p - 6. What are the prime factors of q?
2
List the prime factors of 40 - (-1 - 2 - -6).
37
Suppose 5 = -2*d + 3*d. What are the prime factors of (0 + -2 + 3)*d?
5
Suppose -2*v - 7 + 30 = -m, -v = m + 20. Let r = -5 - m. Suppose 0*j + r = -2*j + 4*w, -5*j + 4*w - 10 = 0. List the prime factors of j.
2
Let l be 604/(-6) + 8/12. List the prime factors of l/(-6) + (-2)/(-6).
17
Suppose 7 - 23 = 4*b. Let z = 34 - 24. Let c = b + z. List the prime factors of c.
2, 3
Let s be (1/(-1))/(4/(-16)). Suppose -s*b + 3*b + 15 = 0. What are the prime factors of b?
3, 5
Let n(q) = -7*q + 21. What are the prime factors of n(-3)?
2, 3, 7
Let m = -8 - -10. Suppose -m*s - 5*y + 2 = 6, -5*y = -5*s + 25. What are the prime factors of s?
3
Suppose w - 7*g + 6*g - 59 = 0, -50 = -w + 4*g. What are the prime factors of w?
2, 31
Let q be ((-10)/(-6) - 2)*-6. Suppose -4*n + 12 = 2*p, 3*p + n = -2*p + 30. Suppose -p*d = -q*d - w - 23, -3*d + 19 = w. List the prime factors of d.
2, 3
Suppose 1 = o - 3. What are the prime factors of o?
2
Let b(f) be the third derivative of -f**6/120 + f**5/20 + 5*f**4/24 + f**2. Let p be b(4). Suppose p*t = 19 + 13. List the prime factors of t.
2
Let v = 9 - 13. Let w = v - -6. Suppose w*f + 3*f - 60 = 0. What are the prime factors of f?
2, 3
Suppose c - 79 = 2*b, -14 + 439 = 5*c + 5*b. List the prime factors of c.
83
Let b(p) = -3*p - 13. List the prime factors of b(-24).
59
Let z be (2 - -5)*180/7. What are the prime factors of 4/14 - z/(-7)?
2, 13
Let l(q) = q**3 - 11*q**2 - q + 14. List the prime factors of l(11).
3
What are the prime factors of 205/(-15)*1*-9?
3, 41
Suppose 0*x = 3*x - 3. Let w(m) = 17*m**3 + 2*m**2 - 2*m + 1. What are the prime factors of w(x)?
2, 3
Let k be ((-4)/10)/(1/(-5)). Suppose o = 3 - k. Let j(n) = 11*n**2 - n + 1. List the prime factors of j(o).
11
Let x(c) = -c**3 + 10*c**2 - 10*c + 8. Let i be x(8). Let d = i - 33. List the prime factors of d.
23
Suppose 0 = -4*m + 5*m - 6. Let a = m - 3. Suppose 0*k + 9 = -p + 4*k, a*p + 2*k = 43. List the prime factors of p.
11
Suppose 5*i + 374 = 3*a, 2*a + 3*a + 3*i = 578. List the prime factors of a.
2, 59
Suppose -19 = -i - 3*q, -4 = -4*q + 8. What are the prime factors of i?
2, 5
Let f(b) = 2 + 2*b - 4*b - b**2 - b. List the prime factors of f(-2).
2
Let v(h) = -h**3 + 2*h**2 + 3. Let s be v(3). List the prime factors of (-8)/s*(11 - 2).
2, 3
Let f(p) = 4*p**3 - p**2 - p + 1. Suppose 8 = q + 3*q. Let u be f(q). Suppose 8 = 5*w - u. List the prime factors of w.
7
Suppose -q = -3*k - 2, -4 = 5*k + 21. Let h(f) = -f**3 - 12*f**2 + 10*f - 19. What are the prime factors of h(q)?
2, 5
Let j(b) = 2*b**2 + 4*b. Let u be j(-3). Let x = 10 + -4. Suppose -u - x = -a. List the prime factors of a.
2, 3
Suppose m - 4 = 0, 0 = 4*b - 2*m + 49 + 19. Let k = b - -25. List the prime factors of k.
2, 5
Let f = -10 - -18. Suppose 3*s = f*s - 15. Suppose -1 = o - s. List the prime factors of o.
2
Let k be (0/(-2))/((-6)/3). Suppose -3*y + k*y + 48 = 0. List the prime factors of y.
2
Let m(c) be the third derivative of -c**6/120 + c**5/60 - c**4/24 + 14*c**3/3 - 6*c**2. What are the prime factors of m(0)?
2, 7
Suppose -2*b + 5 = d - 4, -b = -2*d - 7. What are the prime factors of b?
5
Suppose 7*b - 2520 = -14*b. What are the prime factors of b?
2, 3, 5
Suppose -2*r - 2*r + 280 = 0. Let y be r/22 - 4/22. Suppose 0 = -5*o - h - y*h + 32, -12 = -o + 2*h. List the prime factors of o.
2
Let s be ((-18)/12)/(1/(-2)). What are the prime factors of 29 - (-4 + 1)/s?
2, 3, 5
Suppose 0*b - 16 = 4*b. Let r be 34/8 - b/(-16). Suppose 0 = -f - f - 5*y - 10, -r*f = -5*y - 40. List the prime factors of f.
5
Suppose -a + 0*a = -2. Suppose -a*l + l = -41. Suppose 3*n + 2 = l. What are the prime factors of n?
13
Let b = 83 - 41. Suppose 0*z = z - b. What are the prime factors of z?
2, 3, 7
Let n(s) = s**3 + 8*s**2 + 9*s + 10. Let u be n(-7). Let f be (-1 + 3)/((-2)/u). Suppose -10 - 6 = -f*j. What are the prime factors of j?
2
Suppose 12 = 2*g - 0*g. Suppose 2*d - 5 = 5*p + g, 6 = 3*p + 3*d. What are the prime factors of 15/4 - p/4?
2
Let x(j) = -j**2 + 9. Suppose 4*m - z = -32 + 12, 0 = -z + 4. Let v be (0 - (-2)/m)*0. List the prime factors of x(v).
3
Let r(w) = -w**3 + 3*w**2 + 4*w + 3. Let l be r(4). Suppose u = 5*u + l*v - 30, u = 2*v + 2. Let i = u - 1. List the prime factors of i.
5
Suppose -4*a - 4*x + 756 = 0, 4*a - 5*x - 384 - 390 = 0. What are the prime factors of a?
191
Let p(m) = 5*m**2 - 19*m + 9. What are the prime factors of p(6)?
3, 5
Suppose -3*g - 6*u = -u - 151, -67 = -g - 5*u. What are the prime factors of g?
2, 3, 7
Let j(a) be the third derivative of a**4/24 + 5*a**3/3 - a**2. Let x be (-6)/(-18)*6 + 10*-1. List the prime factors of j(x).
2
Let g = 10 - 5. Suppose g*s + 5 = 20. Suppose -2*y = -s*y + 7. What are the prime factors of y?
7
Let m(z) = -z - 3. Suppose -2*i - 3*o - 2 = -6*i, 8 = 5*i - o. Suppose -i*k - 2*k = 20. What are the prime factors of m(k)?
2
Let z(u) = u**3 + 8*u**2 + u + 10. Let i be z(-8). Let m be (-2 - -1)*-1 - -1. Suppose -2*b = 6, -2*w + m*b + 14 = i*w. What are the prime factors of w?
2
Suppose 0 = -2*a + a + 1. Let u(j) = 3 + 4*j + a - 8. What are the prime factors of